{"id":615,"date":"2026-03-19T07:44:02","date_gmt":"2026-03-19T07:44:02","guid":{"rendered":"https:\/\/aktivhatvan.hu\/?page_id=615"},"modified":"2026-03-26T13:49:09","modified_gmt":"2026-03-26T13:49:09","slug":"nyugdij-kisokos","status":"publish","type":"page","link":"https:\/\/aktivhatvan.hu\/index.php\/nyugdij-kisokos\/","title":{"rendered":"Nyugd\u00edj kisokos"},"content":{"rendered":"\t\t<div data-elementor-type=\"wp-page\" data-elementor-id=\"615\" class=\"elementor elementor-615\">\n\t\t\t\t<div class=\"elementor-element elementor-element-2c275b0 e-flex e-con-boxed e-con e-parent\" data-id=\"2c275b0\" data-element_type=\"container\" data-e-type=\"container\">\n\t\t\t\t\t<div class=\"e-con-inner\">\n\t\t\t\t<div class=\"elementor-element elementor-element-bf034ce elementor-widget elementor-widget-html\" data-id=\"bf034ce\" data-element_type=\"widget\" data-e-type=\"widget\" data-widget_type=\"html.default\">\n\t\t\t\t\t<style>\n.dig60sub,\n.dig60sub *{\n  box-sizing:border-box;\n}\n\n.dig60sub{\n  --c-blue:#2F82C9;\n  --c-blue-dark:#2F4E97;\n  --c-light:#F3F3F3;\n  --c-text:#222222;\n  --c-sky:#CFEAF8;\n  --c-green-light:#C7E090;\n  --c-green:#89A800;\n  --c-white:#FFFFFF;\n  --c-pink:#E48AA0;\n\n  position:relative;\n  left:50%;\n  transform:translateX(-50%);\n  width:min(1580px, calc(100vw - 40px));\n  max-width:min(1580px, calc(100vw - 40px));\n  margin:32px 0 40px;\n  background:var(--c-light);\n  overflow:hidden;\n  font-family:\"Poppins\", Arial, Helvetica, sans-serif;\n}\n\n.dig60sub-inner{\n  max-width:1240px;\n  margin:0 auto;\n  padding:38px 34px 40px;\n}\n\n\/* FEJL\u00c9C *\/\n.dig60sub-title{\n  margin:0 0 14px;\n  color:var(--c-blue);\n  font-size:62px;\n  line-height:.96;\n  font-weight:800;\n  letter-spacing:-0.03em;\n  text-transform:uppercase;\n}\n\n.dig60sub-lead{\n  margin:0 0 22px;\n  color:#232323;\n  font-size:19px;\n  line-height:1.52;\n  font-weight:400;\n}\n\n\/* SZEKCI\u00d3C\u00cdM *\/\n.dig60sub-section-title{\n  margin:22px 0 14px;\n  color:#000;\n  font-size:28px;\n  line-height:1.05;\n  font-weight:800;\n  text-transform:uppercase;\n}\n\n\/* K\u00c9T HAS\u00c1B BLOKK *\/\n.dig60sub-topgrid{\n  display:grid;\n  grid-template-columns:1fr 1fr;\n  gap:30px;\n  align-items:start;\n  margin:0 0 26px;\n}\n\n.dig60sub-speaker,\n.dig60sub-intro{\n  min-width:0;\n}\n\n\/* K\u00c9PES DOBOZ *\/\n.dig60sub-card-media{\n  position:relative;\n  width:100%;\n  min-height:325px;\n  border-radius:26px;\n  overflow:hidden;\n  background:linear-gradient(180deg, var(--c-sky) 0%, var(--c-sky) 64%, transparent 64%);\n}\n\n.dig60sub-card-media::before{\n  content:\"\";\n  position:absolute;\n  left:0;\n  right:0;\n  bottom:0;\n  height:34%;\n  background:\n    radial-gradient(130% 90% at 22% 0%, var(--c-green-light) 0 38%, transparent 39%),\n    radial-gradient(120% 110% at 72% 0%, #D9EDB3 0 34%, transparent 35%),\n    radial-gradient(135% 115% at 55% 100%, var(--c-green) 0 56%, transparent 57%),\n    linear-gradient(0deg, var(--c-green), var(--c-green));\n  pointer-events:none;\n}\n\n.dig60sub-cloud{\n  position:absolute;\n  top:22px;\n  left:22px;\n  width:96px;\n  height:48px;\n  background:#fff;\n  border-radius:40px;\n  z-index:1;\n}\n\n.dig60sub-cloud::before,\n.dig60sub-cloud::after{\n  content:\"\";\n  position:absolute;\n  background:#fff;\n  border-radius:50%;\n}\n\n.dig60sub-cloud::before{\n  width:42px;\n  height:42px;\n  left:10px;\n  top:-16px;\n}\n\n.dig60sub-cloud::after{\n  width:56px;\n  height:56px;\n  right:10px;\n  top:-24px;\n}\n\n.dig60sub-media-img{\n  position:absolute;\n  inset:0;\n  z-index:2;\n}\n\n.dig60sub-media-img img{\n  width:100%;\n  height:100%;\n  display:block;\n  object-fit:cover;\n  object-position:center center;\n}\n\n\/* JOBB OLDALI BUBOR\u00c9KOS DOBOZ *\/\n.dig60sub-intro-wrap{\n  position:relative;\n  width:100%;\n  padding-left:26px;\n  padding-top:18px;\n}\n\n.dig60sub-intro-plus{\n  position:absolute;\n  left:0;\n  top:0;\n  width:72px;\n  height:72px;\n  z-index:3;\n}\n\n.dig60sub-intro-plus img{\n  width:100%;\n  height:100%;\n  display:block;\n  object-fit:contain;\n}\n\n.dig60sub-intro-box{\n  position:relative;\n  width:100%;\n  min-height:325px;\n  background:#fff;\n  border:5px solid var(--c-pink);\n  border-radius:18px;\n  padding:38px 28px 24px 40px;\n}\n\n.dig60sub-intro-content{\n  position:relative;\n  z-index:2;\n}\n\n.dig60sub-intro-content h3{\n  margin:0 0 14px;\n  color:var(--c-blue-dark);\n  font-size:28px;\n  line-height:1.1;\n  font-weight:800;\n  text-transform:uppercase;\n}\n\n.dig60sub-intro-content p{\n  margin:0;\n  color:#1f1f1f;\n  font-size:18px;\n  line-height:1.56;\n  font-weight:400;\n}\n\n\/* FEH\u00c9R KIEMELT BLOKK *\/\n.dig60sub-note-wrap{\n  position:relative;\n  margin:18px 0 26px;\n  padding-left:26px;\n  padding-top:18px;\n}\n\n.dig60sub-note-plus{\n  position:absolute;\n  left:0;\n  top:0;\n  width:72px;\n  height:72px;\n  z-index:3;\n}\n\n.dig60sub-note-plus img{\n  width:100%;\n  height:100%;\n  display:block;\n  object-fit:contain;\n}\n\n.dig60sub-note{\n  position:relative;\n  background:#fff;\n  border:5px solid var(--c-pink);\n  border-radius:18px;\n  padding:34px 28px 24px 40px;\n}\n\n.dig60sub-note h3{\n  margin:0 0 14px;\n  color:var(--c-blue-dark);\n  font-size:28px;\n  line-height:1.1;\n  font-weight:800;\n  text-transform:uppercase;\n}\n\n.dig60sub-note p{\n  margin:0;\n  color:#1f1f1f;\n  font-size:18px;\n  line-height:1.56;\n  font-weight:400;\n}\n\n\/* T\u00d6RZS *\/\n.dig60sub-body{\n  margin:0 0 18px;\n  color:#232323;\n  font-size:18px;\n  line-height:1.52;\n  font-weight:400;\n}\n\n.dig60sub-list{\n  margin:0 0 24px;\n  padding-left:0;\n  list-style:none;\n}\n\n.dig60sub-list li{\n  margin:0 0 12px;\n  color:#232323;\n  font-size:18px;\n  line-height:1.52;\n  font-weight:400;\n}\n\n.dig60sub-list li:last-child{\n  margin-bottom:0;\n}\n\n\/* ID\u0150PONT BLOKK *\/\n.dig60sub-dates{\n  margin:26px 0 0;\n  padding:20px 22px;\n  background:#fff;\n  border-left:6px solid var(--c-blue);\n  border-radius:16px;\n}\n\n.dig60sub-dates-title{\n  margin:0 0 12px;\n  color:#000;\n  font-size:22px;\n  line-height:1.2;\n  font-weight:800;\n  text-transform:uppercase;\n}\n\n.dig60sub-dates-list{\n  margin:0;\n  padding:0;\n  list-style:none;\n}\n\n.dig60sub-dates-list li{\n  margin:0 0 10px;\n  color:#232323;\n  font-size:18px;\n  line-height:1.5;\n  font-weight:600;\n}\n\n.dig60sub-dates-list li:last-child{\n  margin-bottom:0;\n}\n\n.dig60sub-info{\n  margin:18px 0 0;\n}\n\n.dig60sub-info p{\n  margin:0 0 12px;\n  color:#232323;\n  font-size:18px;\n  line-height:1.52;\n  font-weight:400;\n}\n\n.dig60sub-info p:last-child{\n  margin-bottom:0;\n}\n\n\/* GOMBOK *\/\n.dig60sub-actions{\n  display:flex;\n  gap:14px;\n  flex-wrap:wrap;\n  margin:28px 0 0;\n}\n\n.dig60sub-apply,\n.dig60sub-home{\n  display:inline-flex;\n  align-items:center;\n  justify-content:center;\n  min-height:54px;\n  padding:14px 26px;\n  border-radius:999px;\n  text-decoration:none !important;\n  font-size:16px;\n  line-height:1.1;\n  font-weight:800;\n  text-transform:uppercase;\n  letter-spacing:.02em;\n  transition:.2s ease;\n}\n\n.dig60sub-apply,\n.dig60sub-apply:hover,\n.dig60sub-apply:focus,\n.dig60sub-apply:active,\n.dig60sub-apply:visited{\n  background:var(--c-blue);\n  color:#fff !important;\n}\n\n.dig60sub-home,\n.dig60sub-home:hover,\n.dig60sub-home:focus,\n.dig60sub-home:active,\n.dig60sub-home:visited{\n  background:#fff;\n  color:var(--c-blue) !important;\n  border:2px solid var(--c-blue);\n}\n\n\/* TABLET *\/\n@media (max-width:1280px){\n  .dig60sub{\n    left:auto;\n    transform:none;\n    width:min(100%, calc(100vw - 24px));\n    max-width:min(100%, calc(100vw - 24px));\n    margin:24px auto 30px;\n  }\n\n  .dig60sub-inner{\n    padding:28px 22px 32px;\n  }\n\n  .dig60sub-title{\n    font-size:48px;\n  }\n\n  .dig60sub-lead,\n  .dig60sub-body,\n  .dig60sub-list li,\n  .dig60sub-intro-content p,\n  .dig60sub-note p,\n  .dig60sub-info p,\n  .dig60sub-dates-list li{\n    font-size:17px;\n  }\n\n  .dig60sub-section-title,\n  .dig60sub-note h3,\n  .dig60sub-dates-title{\n    font-size:24px;\n  }\n\n  .dig60sub-topgrid{\n    grid-template-columns:1fr;\n    gap:20px;\n  }\n\n  .dig60sub-card-media{\n    min-height:280px;\n    border-radius:22px;\n  }\n\n  .dig60sub-intro-wrap,\n  .dig60sub-note-wrap{\n    padding-left:22px;\n    padding-top:16px;\n  }\n\n  .dig60sub-intro-plus,\n  .dig60sub-note-plus{\n    width:58px;\n    height:58px;\n  }\n\n  .dig60sub-intro-box,\n  .dig60sub-note{\n    min-height:auto;\n    border-width:4px;\n    padding:30px 20px 20px 28px;\n  }\n\n  .dig60sub-intro-content h3{\n    font-size:24px;\n  }\n\n  .dig60sub-apply,\n  .dig60sub-home{\n    font-size:15px;\n    min-height:50px;\n    padding:13px 22px;\n  }\n}\n\n\/* MOBIL *\/\n@media (max-width:780px){\n  .dig60sub{\n    width:100vw;\n    max-width:100vw;\n    margin:18px 0 24px;\n    margin-left:calc(50% - 50vw);\n    margin-right:calc(50% - 50vw);\n  }\n\n  .dig60sub-inner{\n    padding:22px 16px 24px;\n  }\n\n  .dig60sub-title{\n    font-size:34px;\n    line-height:.98;\n    margin-bottom:14px;\n  }\n\n  .dig60sub-lead,\n  .dig60sub-body,\n  .dig60sub-list li,\n  .dig60sub-intro-content p,\n  .dig60sub-note p,\n  .dig60sub-info p,\n  .dig60sub-dates-list li{\n    font-size:16px;\n    line-height:1.5;\n  }\n\n  .dig60sub-section-title,\n  .dig60sub-note h3,\n  .dig60sub-dates-title{\n    font-size:20px;\n    margin:10px 0 10px;\n  }\n\n  .dig60sub-topgrid{\n    gap:16px;\n  }\n\n  .dig60sub-card-media{\n    min-height:210px;\n    border-radius:18px;\n  }\n\n  .dig60sub-cloud{\n    transform:scale(.75);\n    transform-origin:top left;\n  }\n\n  .dig60sub-intro-wrap,\n  .dig60sub-note-wrap{\n    padding-left:16px;\n    padding-top:14px;\n  }\n\n  .dig60sub-intro-plus,\n  .dig60sub-note-plus{\n    width:46px;\n    height:46px;\n  }\n\n  .dig60sub-intro-box,\n  .dig60sub-note{\n    min-height:auto;\n    border-width:4px;\n    border-radius:14px;\n    padding:24px 14px 16px 20px;\n  }\n\n  .dig60sub-intro-content h3{\n    font-size:20px;\n    margin-bottom:10px;\n  }\n\n  .dig60sub-dates{\n    padding:16px;\n    border-left-width:4px;\n    border-radius:12px;\n    margin-top:20px;\n  }\n\n  .dig60sub-actions{\n    gap:10px;\n    margin-top:20px;\n  }\n\n  .dig60sub-apply,\n  .dig60sub-home{\n    width:100%;\n    min-height:48px;\n    font-size:14px;\n    padding:12px 18px;\n  }\n}\n<\/style>\n\n<section class=\"dig60sub\">\n  <div class=\"dig60sub-inner\">\n\n    <h1 class=\"dig60sub-title\">NYUGD\u00cdJ KISOKOS<\/h1>\n\n    <p class=\"dig60sub-lead\">\n      A program c\u00e9lja, hogy tiszt\u00e1nl\u00e1t\u00e1st adjon a szab\u00e1lyoz\u00e1s \u00fatveszt\u0151j\u00e9ben, \u00e9s gyakorlati seg\u00edts\u00e9get ny\u00fajtson a pap\u00edralap\u00fa \u00e9s az online adminisztr\u00e1ci\u00f3 vil\u00e1g\u00e1ban.\n    <\/p>\n\n    <h2 class=\"dig60sub-section-title\">A PROGRAMR\u00d3L<\/h2>\n\n    <div class=\"dig60sub-note-wrap\">\n      <div class=\"dig60sub-note-plus\">\n        <img decoding=\"async\" src=\"https:\/\/aktivhatvan.hu\/wp-content\/uploads\/2026\/03\/plus-blue-pink.png\" alt=\"\">\n      <\/div>\n      <div class=\"dig60sub-note\">\n        <h3>V\u00c1LASZTHAT\u00d3 ALKALMAK<\/h3>\n        <p>\n          <strong>1. Nyugd\u00edjtervez\u00e9s, felk\u00e9sz\u00fcl\u00e9s az \u00e1llami nyugd\u00edjra<\/strong><br>\n          A k\u00f6zhiedelemmel szemben az \u00e1llami nyugd\u00edj nem szoci\u00e1lis ell\u00e1t\u00e1s, hanem a t\u00e1rsadalombiztos\u00edt\u00e1s keret\u00e9ben megv\u00e1s\u00e1rolt szolg\u00e1ltat\u00e1s. A j\u00f6v\u0151beni \u00e1llami nyugd\u00edjat meghat\u00e1roz\u00f3 t\u00e9nyez\u0151k kiismerhet\u0151k \u00e9s befoly\u00e1solhat\u00f3k, \u00edgy a nyugd\u00edj tervezhet\u0151v\u00e9 v\u00e1lik.\n        <\/p>\n        <p style=\"margin-top:16px;\">\n          A program sor\u00e1n \u00e1ttekintj\u00fck a magyar nyugd\u00edjrendszer f\u0151bb jogosults\u00e1gi szab\u00e1lyait, k\u00fcl\u00f6n\u00f6s figyelemmel a nyugd\u00edjsz\u00e1m\u00edt\u00e1s m\u00f3dszertan\u00e1ra \u00e9s a nyugd\u00edj \u00f6sszeg\u00e9t befoly\u00e1sol\u00f3 t\u00e9nyez\u0151kre.\n        <\/p>\n        <p style=\"margin-top:20px;\">\n          <strong>2. Nyugd\u00edj a neten<\/strong><br>\n          Ma m\u00e1r a magyar k\u00f6zigazgat\u00e1si elj\u00e1r\u00e1sok jelent\u0151s r\u00e9sze, \u00edgy a nyugd\u00edjjal kapcsolatos \u00fcgyek is int\u00e9zhet\u0151k az online t\u00e9rben. A nyugd\u00edj el\u0151tti adategyeztet\u00e9s, a nyugd\u00edjig\u00e9nyl\u00e9s, a fellebbez\u00e9sek \u00e9s az adatok v\u00e1ltoz\u00e1s\u00e1nak bejelent\u00e9se elektronikusan, \u00fcgyf\u00e9lkapus regisztr\u00e1ci\u00f3val is lehets\u00e9ges.\n        <\/p>\n        <p style=\"margin-top:16px;\">\n          A foglalkoz\u00e1s gyakorlatorient\u00e1lt: sorra vessz\u00fck \u00e9s bemutatjuk a k\u00fcl\u00f6nb\u00f6z\u0151 online elj\u00e1r\u00e1sok folyamat\u00e1t, kiemelt figyelemmel a leggyakoribb buktat\u00f3kra.\n        <\/p>\n      <\/div>\n    <\/div>\n\n    <h2 class=\"dig60sub-section-title\">MIRE KAP V\u00c1LASZT A PROGRAM SOR\u00c1N?<\/h2>\n    <ul class=\"dig60sub-list\">\n      <li>\u2022 Tervezhet\u0151s\u00e9g: a kifizet\u00e9sek \u00f6sszeg\u00e9t meghat\u00e1roz\u00f3 sz\u00e1m\u00edt\u00e1sok megismer\u00e9se.<\/li>\n      <li>\u2022 Online \u00fcgyint\u00e9z\u00e9s: az \u00dcgyf\u00e9lkapu magabiztos haszn\u00e1lata a nyugd\u00edjjal kapcsolatos \u00fcgyekben.<\/li>\n      <li>\u2022 Biztons\u00e1g: a leggyakoribb adminisztr\u00e1ci\u00f3s hib\u00e1k \u00e9s buktat\u00f3k elker\u00fcl\u00e9se.<\/li>\n      <li>\u2022 Gyakorlati f\u00f3kusz: konkr\u00e9t elektronikus fel\u00fcletek \u00e9s elj\u00e1r\u00e1sok bemutat\u00e1sa.<\/li>\n    <\/ul>\n\n    <h2 class=\"dig60sub-section-title\">SZAK\u00c9RT\u0150<\/h2>\n\n    <div class=\"dig60sub-topgrid\">\n      <div class=\"dig60sub-speaker\">\n        <div class=\"dig60sub-card-media\">\n          <div class=\"dig60sub-cloud\"><\/div>\n          <div class=\"dig60sub-media-img\">\n            <img decoding=\"async\" src=\"https:\/\/aktivhatvan.hu\/wp-content\/uploads\/2026\/03\/DT.jpeg\" alt=\"Dr. Dezse Tivadar\">\n          <\/div>\n        <\/div>\n      <\/div>\n\n      <div class=\"dig60sub-intro\">\n        <div class=\"dig60sub-intro-wrap\">\n          <div class=\"dig60sub-intro-plus\">\n            <img decoding=\"async\" src=\"https:\/\/aktivhatvan.hu\/wp-content\/uploads\/2026\/03\/plus-blue-pink.png\" alt=\"\">\n          <\/div>\n          <div class=\"dig60sub-intro-box\">\n            <div class=\"dig60sub-intro-content\">\n              <h3>DR. DEZSE TIVADAR<\/h3>\n              <p>\n                Nyugd\u00edjjogi szak\u00e9rt\u0151 \u00e9s egyetemi \u00f3raad\u00f3 tan\u00e1r, aki t\u00f6bb mint k\u00e9t \u00e9vtizedes szakmai tapasztalattal rendelkezik. P\u00e1lyafut\u00e1s\u00e1t az Orsz\u00e1gos Nyugd\u00edjbiztos\u00edt\u00e1si F\u0151igazgat\u00f3s\u00e1g elemz\u0151jek\u00e9nt kezdte, majd megalap\u00edtotta az orsz\u00e1g els\u0151 nyugd\u00edjjogi praxis\u00e1t.\n              <\/p>\n              <p style=\"margin-top:16px;\">\n                Jelenleg is ezen a ter\u00fcleten seg\u00edti a hozz\u00e1 fordul\u00f3kat abban, hogy a jogszab\u00e1lyi keretek k\u00f6z\u00f6tt az el\u00e9rhet\u0151 legoptim\u00e1lisabb eredm\u00e9nyt \u00e9rj\u00e9k el. Szak\u00e9rtelme garancia arra, hogy a r\u00e9sztvev\u0151k hiteles \u00e9s naprak\u00e9sz inform\u00e1ci\u00f3k birtok\u00e1ban tervezhess\u00e9k meg \u00e9let\u00fck \u00faj szakasz\u00e1nak anyagi h\u00e1tter\u00e9t.\n              <\/p>\n            <\/div>\n          <\/div>\n        <\/div>\n      <\/div>\n    <\/div>\n\n    <div class=\"dig60sub-dates\">\n      <p class=\"dig60sub-dates-title\">ID\u0150PONTOK<\/p>\n      <ul class=\"dig60sub-dates-list\">\n        <li>\u00e1prilis 23. 16:00\u201318:00 \u2013 Nyugd\u00edjas kisokos \u2013 Nyugd\u00edj a neten<\/li>\n        <li>m\u00e1jus 5. 16:00\u201318:00 \u2013 Nyugd\u00edjtervez\u00e9s, felk\u00e9sz\u00fcl\u00e9s az \u00e1llami nyugd\u00edjra<\/li>\n        <li>m\u00e1jus 14. 16:00\u201318:00 \u2013 Nyugd\u00edjas kisokos \u2013 Nyugd\u00edj a neten<\/li>\n        <li>j\u00fanius 02. 16:00\u201318:00 \u2013 Nyugd\u00edjtervez\u00e9s, felk\u00e9sz\u00fcl\u00e9s az \u00e1llami nyugd\u00edjra<\/li>\n        <li>j\u00fanius 09. 16:00\u201318:00 \u2013 Nyugd\u00edjas kisokos \u2013 Nyugd\u00edj a neten<\/li>\n        <li>j\u00fanius 23. 16:00\u201318:00 \u2013 Nyugd\u00edjtervez\u00e9s, felk\u00e9sz\u00fcl\u00e9s az \u00e1llami nyugd\u00edjra<\/li>\n      <\/ul>\n    <\/div>\n\n    <div class=\"dig60sub-info\">\n      <p>Helysz\u00edn: JCC Budapest \u2013 B\u00e1lint H\u00e1z (1065 Budapest, R\u00e9vay utca 16.)<\/p>\n      <p>A program k\u00e9t k\u00fcl\u00f6n\u00e1ll\u00f3, \u00f6n\u00e1ll\u00f3an is v\u00e1laszthat\u00f3 alkalomb\u00f3l \u00e1ll.<\/p>\n      <p>A maxim\u00e1lis csoportl\u00e9tsz\u00e1m alkalmank\u00e9nt 25 f\u0151.<\/p>\n      <p>K\u00e9rj\u00fck, a jelentkez\u00e9skor jel\u00f6lje meg, melyik alkalmon k\u00edv\u00e1n r\u00e9szt venni.<\/p>\n    <\/div>\n\n    <div class=\"dig60sub-actions\">\n      <a class=\"dig60sub-apply\" href=\"https:\/\/aktivhatvan.hu\/index.php\/kerdoiv\/\">JELENTKEZ\u00c9S<\/a>\n      <a class=\"dig60sub-home\" href=\"https:\/\/aktivhatvan.hu\/\">F\u0150OLDAL<\/a>\n    <\/div>\n\n  <\/div>\n<\/section>\t\t\t\t<\/div>\n\t\t\t\t\t<\/div>\n\t\t\t\t<\/div>\n\t\t\t\t<\/div>\n\t\t","protected":false},"excerpt":{"rendered":"<p>NYUGD\u00cdJ KISOKOS A program c\u00e9lja, hogy tiszt\u00e1nl\u00e1t\u00e1st adjon a szab\u00e1lyoz\u00e1s \u00fatveszt\u0151j\u00e9ben, \u00e9s gyakorlati seg\u00edts\u00e9get ny\u00fajtson a pap\u00edralap\u00fa \u00e9s az online [&hellip;]<\/p>\n","protected":false},"author":1,"featured_media":561,"parent":0,"menu_order":0,"comment_status":"closed","ping_status":"closed","template":"","meta":{"site-sidebar-layout":"no-sidebar","site-content-layout":"","ast-site-content-layout":"full-width-container","site-content-style":"default","site-sidebar-style":"default","ast-global-header-display":"disabled","ast-banner-title-visibility":"","ast-main-header-display":"","ast-hfb-above-header-display":"","ast-hfb-below-header-display":"","ast-hfb-mobile-header-display":"","site-post-title":"disabled","ast-breadcrumbs-content":"","ast-featured-img":"disabled","footer-sml-layout":"disabled","ast-disable-related-posts":"","theme-transparent-header-meta":"","adv-header-id-meta":"","stick-header-meta":"","header-above-stick-meta":"","header-main-stick-meta":"","header-below-stick-meta":"","astra-migrate-meta-layouts":"default","ast-page-background-enabled":"default","ast-page-background-meta":{"desktop":{"background-color":"var(--ast-global-color-5)","background-image":"","background-repeat":"repeat","background-position":"center center","background-size":"auto","background-attachment":"scroll","background-type":"","background-media":"","overlay-type":"","overlay-color":"","overlay-opacity":"","overlay-gradient":""},"tablet":{"background-color":"","background-image":"","background-repeat":"repeat","background-position":"center center","background-size":"auto","background-attachment":"scroll","background-type":"","background-media":"","overlay-type":"","overlay-color":"","overlay-opacity":"","overlay-gradient":""},"mobile":{"background-color":"","background-image":"","background-repeat":"repeat","background-position":"center center","background-size":"auto","background-attachment":"scroll","background-type":"","background-media":"","overlay-type":"","overlay-color":"","overlay-opacity":"","overlay-gradient":""}},"ast-content-background-meta":{"desktop":{"background-color":"var(--ast-global-color-4)","background-image":"","background-repeat":"repeat","background-position":"center center","background-size":"auto","background-attachment":"scroll","background-type":"","background-media":"","overlay-type":"","overlay-color":"","overlay-opacity":"","overlay-gradient":""},"tablet":{"background-color":"var(--ast-global-color-4)","background-image":"","background-repeat":"repeat","background-position":"center center","background-size":"auto","background-attachment":"scroll","background-type":"","background-media":"","overlay-type":"","overlay-color":"","overlay-opacity":"","overlay-gradient":""},"mobile":{"background-color":"var(--ast-global-color-4)","background-image":"","background-repeat":"repeat","background-position":"center center","background-size":"auto","background-attachment":"scroll","background-type":"","background-media":"","overlay-type":"","overlay-color":"","overlay-opacity":"","overlay-gradient":""}},"footnotes":""},"class_list":["post-615","page","type-page","status-publish","has-post-thumbnail","hentry"],"_links":{"self":[{"href":"https:\/\/aktivhatvan.hu\/index.php\/wp-json\/wp\/v2\/pages\/615","targetHints":{"allow":["GET"]}}],"collection":[{"href":"https:\/\/aktivhatvan.hu\/index.php\/wp-json\/wp\/v2\/pages"}],"about":[{"href":"https:\/\/aktivhatvan.hu\/index.php\/wp-json\/wp\/v2\/types\/page"}],"author":[{"embeddable":true,"href":"https:\/\/aktivhatvan.hu\/index.php\/wp-json\/wp\/v2\/users\/1"}],"replies":[{"embeddable":true,"href":"https:\/\/aktivhatvan.hu\/index.php\/wp-json\/wp\/v2\/comments?post=615"}],"version-history":[{"count":13,"href":"https:\/\/aktivhatvan.hu\/index.php\/wp-json\/wp\/v2\/pages\/615\/revisions"}],"predecessor-version":[{"id":747,"href":"https:\/\/aktivhatvan.hu\/index.php\/wp-json\/wp\/v2\/pages\/615\/revisions\/747"}],"wp:featuredmedia":[{"embeddable":true,"href":"https:\/\/aktivhatvan.hu\/index.php\/wp-json\/wp\/v2\/media\/561"}],"wp:attachment":[{"href":"https:\/\/aktivhatvan.hu\/index.php\/wp-json\/wp\/v2\/media?parent=615"}],"curies":[{"name":"wp","href":"https:\/\/api.w.org\/{rel}","templated":true}]}}